rime factors of 1275069439.
7, 47, 3875591
List the prime factors of 710661243.
3, 236887081
What are the prime factors of 302446745?
5, 17, 653, 5449
List the prime factors of 698958157.
37, 18890761
What are the prime factors of 538338254?
2, 151, 1782577
What are the prime factors of 357067000?
2, 5, 19, 18793
List the prime factors of 25098681.
3, 17, 23, 21397
What are the prime factors of 185436619?
839, 221021
List the prime factors of 162002393.
7, 23143199
List the prime factors of 501619436.
2, 131, 957289
List the prime factors of 60004811.
60004811
List the prime factors of 615262967.
11, 521, 107357
List the prime factors of 17148162.
2, 3, 131, 21817
List the prime factors of 69192660.
2, 3, 5, 1153211
List the prime factors of 1903349936.
2, 43, 67, 157, 263
What are the prime factors of 286981545?
3, 5, 19132103
What are the prime factors of 84249373?
13, 73, 6829
List the prime factors of 917814883.
251, 3656633
List the prime factors of 868286940.
2, 3, 5, 647, 22367
What are the prime factors of 127867895?
5, 61, 73, 5743
What are the prime factors of 18439436?
2, 1117, 4127
List the prime factors of 13884441.
3, 743, 6229
What are the prime factors of 1844440353?
3, 7, 97, 113, 2671
List the prime factors of 88916151.
3, 47, 137, 4603
List the prime factors of 2686047947.
11, 29, 151, 55763
What are the prime factors of 92624025?
3, 5, 13, 94999
List the prime factors of 369065052.
2, 3, 173, 19753
List the prime factors of 2591806751.
107, 3079, 7867
List the prime factors of 116231414.
2, 13, 17, 97, 2711
What are the prime factors of 43307799?
3, 71, 203323
What are the prime factors of 744651829?
7883, 94463
What are the prime factors of 2307752341?
53, 43542497
List the prime factors of 5066539736.
2, 633317467
What are the prime factors of 3334808702?
2, 1667404351
List the prime factors of 193234030.
2, 5, 11, 67, 157, 167
What are the prime factors of 51244208?
2, 3202763
What are the prime factors of 34772109?
3, 19, 313, 1949
What are the prime factors of 44604025?
5, 1069, 1669
List the prime factors of 530431128.
2, 3, 1747, 4217
What are the prime factors of 230044907?
29, 1459, 5437
What are the prime factors of 810200817?
3, 90022313
What are the prime factors of 31759713?
3, 3528857
List the prime factors of 147412438.
2, 227, 324697
List the prime factors of 61033834.
2, 30516917
List the prime factors of 5481566.
2, 1187, 2309
List the prime factors of 2639362557.
3, 13, 17, 67, 59417
What are the prime factors of 108495655?
5, 37, 586463
What are the prime factors of 2131801946?
2, 227, 1697, 2767
What are the prime factors of 53110966?
2, 19, 1397657
List the prime factors of 207607770.
2, 3, 5, 2306753
List the prime factors of 26316773.
7, 59, 9103
List the prime factors of 60462529.
61, 16249
What are the prime factors of 1719304820?
2, 5, 101, 251, 3391
List the prime factors of 72673678.
2, 7, 11, 471907
What are the prime factors of 1869937682?
2, 4111, 227431
What are the prime factors of 37570139?
37570139
List the prime factors of 2145003368.
2, 23, 37, 509, 619
What are the prime factors of 1040123088?
2, 3, 829, 8713
What are the prime factors of 227571114?
2, 3, 61, 621779
List the prime factors of 98954695.
5, 7, 2827277
List the prime factors of 643257642.
2, 3, 29, 3696883
List the prime factors of 829269687.
3, 19, 14548591
What are the prime factors of 44599362?
2, 3, 7433227
List the prime factors of 26791618.
2, 7, 1913687
List the prime factors of 318928521.
3, 71, 1497317
List the prime factors of 1183961253.
3, 151, 2613601
List the prime factors of 127580573.
19, 2347, 2861
List the prime factors of 3025713477.
3, 103, 9791953
List the prime factors of 1120731058.
2, 127, 4412327
What are the prime factors of 3673776?
2, 3, 76537
List the prime factors of 793923800.
2, 5, 17, 37, 6311
What are the prime factors of 91776998?
2, 45888499
What are the prime factors of 102050952?
2, 3, 4252123
List the prime factors of 502415908.
2, 4021, 31237
What are the prime factors of 1852204327?
223, 8305849
List the prime factors of 184170620.
2, 5, 9208531
List the prime factors of 94240804.
2, 7, 3365743
What are the prime factors of 36861630?
2, 3, 5, 13, 47, 2011
List the prime factors of 3937042156.
2, 984260539
What are the prime factors of 2958641318?
2, 4003, 369553
List the prime factors of 53974430.
2, 5, 5397443
What are the prime factors of 52561212?
2, 3, 11, 17, 59, 397
What are the prime factors of 3066935496?
2, 3, 127788979
List the prime factors of 3318115.
5, 269, 2467
List the prime factors of 283251626.
2, 7, 4057, 4987
What are the prime factors of 239999332?
2, 59999833
List the prime factors of 1052881852.
2, 11, 23929133
List the prime factors of 6242347325.
5, 249693893
What are the prime factors of 10138979?
10138979
What are the prime factors of 26908046?
2, 11, 1223093
List the prime factors of 230658616.
2, 107, 269461
List the prime factors of 10887446.
2, 17, 320219
List the prime factors of 395880349.
509, 777761
What are the prime factors of 1393?
7, 199
List the prime factors of 45279557.
503, 90019
List the prime factors of 185374456.
2, 103, 224969
List the prime factors of 8461264.
2, 7, 31, 2437
List the prime factors of 3631068591.
3, 487, 1163, 2137
What are the prime factors of 94571518?
2, 47285759
List the prime factors of 3291991623.
3, 19, 19251413
What are the prime factors of 132011767?
47, 2808761
What are the prime factors of 5058299708?
2, 7, 11, 16423051
List the prime factors of 205055894.
2, 102527947
List the prime factors of 1052256505.
5, 37, 5687873
What are the prime factors of 344478962?
2, 172239481
What are the prime factors of 5425156773?
3, 17, 19, 1866239
List the prime factors of 3552280248.
2, 3, 11, 1223237
What are the prime factors of 293305095?
3, 5, 6517891
What are the prime factors of 224764398?
2, 3, 12486911
List the prime factors of 44519269.
73, 179, 3407
What are the prime factors of 15598905?
3, 5, 7, 19, 1117
What are the prime factors of 55193833?
113, 488441
List the prime factors of 54802779.
3, 29, 73, 8629
List the prime factors of 245514906.
2, 3, 7, 13, 37, 4051
What are the prime factors of 165280399?
165280399
What are the prime factors of 22870309?
7, 11, 151, 281
List the prime factors of 142401929.
103, 1382543
List the prime factors of 26721441.
3, 29, 34127
List the prime factors of 177598609.
17, 179, 58363
List the prime factors of 87886281.
3, 7, 43, 97327
List the prime factors of 75820700.
2, 5, 101, 7507
What are the prime factors of 41041643?
193, 212651
What are the prime factors of 28898707?
461, 62687
List the prime factors of 601446940.
2, 5, 67, 367, 1223
What are the prime factors of 23566433?
11, 2142403
List the prime factors of 6067782569.
18719, 324151
List the prime factors of 1828095441.
3, 609365147
What are the prime factors of 43782828?
2, 3, 103, 35423
List the prime factors of 96443263.
7, 31, 223, 1993
What are the prime factors of 1006756665?
3, 5, 1753, 38287
What are the prime factors of 723380484?
2, 3, 60281707
List the prime factors of 47777128.
2, 7, 43, 19841
What are the prime factors of 133855906?
2, 23, 47, 101, 613
List the prime factors of 60996396.
2, 3, 29, 175277
What are the prime factors of 998162667?
3, 17, 6523939
List the prime factors of 927165012.
2, 3, 1171, 65981
What are the prime factors of 115393010?
2, 5, 37, 8429
What are the prime factors of 4426583323?
4426583323
What are the prime factors of 677912077?
17, 19, 523, 4013
List the prime factors of 268080132.
2, 3, 67, 333433
What are the prime factors of 541461946?
2, 11927, 22699
What are the prime factors of 13142810?
2, 5, 71, 107, 173
What are the prime factors of 30446527?
30446527
List the prime factors of 178266829.
13, 13712833
What are the prime factors of 45742364?
2, 163, 70157
What are the prime factors of 17998478?
2, 17, 67, 7901
What are the prime factors of 486286013?
101, 4814713
What are the prime factors of 3020079305?
5, 37, 16324753
What are the prime factors of 675135319?
675135319
List the prime factors of 6002407574.
2, 3001203787
List the prime factors of 418200460.
2, 5, 20910023
List the prime factors of 205949083.
205949083
What are the prime factors of 2237726859